{"id":11706,"date":"2024-02-25T14:57:42","date_gmt":"2024-02-25T14:57:42","guid":{"rendered":"https:\/\/yeguadaportillagarcia.com\/?page_id=11706"},"modified":"2024-04-08T15:31:10","modified_gmt":"2024-04-08T15:31:10","slug":"whity","status":"publish","type":"page","link":"https:\/\/yeguadaportillagarcia.com\/index.php\/whity\/","title":{"rendered":"Wayu"},"content":{"rendered":"\t\t<div data-elementor-type=\"wp-page\" data-elementor-id=\"11706\" class=\"elementor elementor-11706\">\n\t\t\t\t\t\t\t<div class=\"elementor-element elementor-element-37bc5ed e-con-full e-flex e-con e-parent\" data-id=\"37bc5ed\" data-element_type=\"container\" data-settings=\"{&quot;content_width&quot;:&quot;full&quot;,&quot;background_background&quot;:&quot;classic&quot;}\" data-core-v316-plus=\"true\">\n\t\t\t\t<\/div>\n\t\t<div class=\"elementor-element elementor-element-8d0515c e-con-full e-flex e-con e-parent\" data-id=\"8d0515c\" data-element_type=\"container\" data-settings=\"{&quot;content_width&quot;:&quot;full&quot;,&quot;background_background&quot;:&quot;classic&quot;}\" data-core-v316-plus=\"true\">\n\t\t<div class=\"elementor-element elementor-element-5298001 e-con-full e-flex e-con e-child\" data-id=\"5298001\" data-element_type=\"container\" data-settings=\"{&quot;content_width&quot;:&quot;full&quot;,&quot;background_background&quot;:&quot;classic&quot;}\">\n\t\t\t\t<div class=\"elementor-element elementor-element-129ca72 elementor-widget elementor-widget-heading\" data-id=\"129ca72\" data-element_type=\"widget\" data-widget_type=\"heading.default\">\n\t\t\t\t<div class=\"elementor-widget-container\">\n\t\t\t<style>\/*! elementor - v3.18.0 - 20-12-2023 *\/\n.elementor-heading-title{padding:0;margin:0;line-height:1}.elementor-widget-heading .elementor-heading-title[class*=elementor-size-]>a{color:inherit;font-size:inherit;line-height:inherit}.elementor-widget-heading .elementor-heading-title.elementor-size-small{font-size:15px}.elementor-widget-heading .elementor-heading-title.elementor-size-medium{font-size:19px}.elementor-widget-heading .elementor-heading-title.elementor-size-large{font-size:29px}.elementor-widget-heading .elementor-heading-title.elementor-size-xl{font-size:39px}.elementor-widget-heading .elementor-heading-title.elementor-size-xxl{font-size:59px}<\/style><h1 class=\"elementor-heading-title elementor-size-default\">Wayu<\/h1>\t\t<\/div>\n\t\t\t\t<\/div>\n\t\t\t\t<div class=\"elementor-element elementor-element-4a3ba1d elementor-widget-divider--view-line elementor-widget elementor-widget-divider\" data-id=\"4a3ba1d\" data-element_type=\"widget\" data-widget_type=\"divider.default\">\n\t\t\t\t<div class=\"elementor-widget-container\">\n\t\t\t<style>\/*! elementor - v3.18.0 - 20-12-2023 *\/\n.elementor-widget-divider{--divider-border-style:none;--divider-border-width:1px;--divider-color:#0c0d0e;--divider-icon-size:20px;--divider-element-spacing:10px;--divider-pattern-height:24px;--divider-pattern-size:20px;--divider-pattern-url:none;--divider-pattern-repeat:repeat-x}.elementor-widget-divider .elementor-divider{display:flex}.elementor-widget-divider .elementor-divider__text{font-size:15px;line-height:1;max-width:95%}.elementor-widget-divider .elementor-divider__element{margin:0 var(--divider-element-spacing);flex-shrink:0}.elementor-widget-divider .elementor-icon{font-size:var(--divider-icon-size)}.elementor-widget-divider .elementor-divider-separator{display:flex;margin:0;direction:ltr}.elementor-widget-divider--view-line_icon .elementor-divider-separator,.elementor-widget-divider--view-line_text .elementor-divider-separator{align-items:center}.elementor-widget-divider--view-line_icon .elementor-divider-separator:after,.elementor-widget-divider--view-line_icon .elementor-divider-separator:before,.elementor-widget-divider--view-line_text .elementor-divider-separator:after,.elementor-widget-divider--view-line_text .elementor-divider-separator:before{display:block;content:\"\";border-bottom:0;flex-grow:1;border-top:var(--divider-border-width) var(--divider-border-style) var(--divider-color)}.elementor-widget-divider--element-align-left .elementor-divider .elementor-divider-separator>.elementor-divider__svg:first-of-type{flex-grow:0;flex-shrink:100}.elementor-widget-divider--element-align-left .elementor-divider-separator:before{content:none}.elementor-widget-divider--element-align-left .elementor-divider__element{margin-left:0}.elementor-widget-divider--element-align-right .elementor-divider .elementor-divider-separator>.elementor-divider__svg:last-of-type{flex-grow:0;flex-shrink:100}.elementor-widget-divider--element-align-right .elementor-divider-separator:after{content:none}.elementor-widget-divider--element-align-right .elementor-divider__element{margin-right:0}.elementor-widget-divider:not(.elementor-widget-divider--view-line_text):not(.elementor-widget-divider--view-line_icon) .elementor-divider-separator{border-top:var(--divider-border-width) var(--divider-border-style) var(--divider-color)}.elementor-widget-divider--separator-type-pattern{--divider-border-style:none}.elementor-widget-divider--separator-type-pattern.elementor-widget-divider--view-line .elementor-divider-separator,.elementor-widget-divider--separator-type-pattern:not(.elementor-widget-divider--view-line) .elementor-divider-separator:after,.elementor-widget-divider--separator-type-pattern:not(.elementor-widget-divider--view-line) .elementor-divider-separator:before,.elementor-widget-divider--separator-type-pattern:not([class*=elementor-widget-divider--view]) .elementor-divider-separator{width:100%;min-height:var(--divider-pattern-height);-webkit-mask-size:var(--divider-pattern-size) 100%;mask-size:var(--divider-pattern-size) 100%;-webkit-mask-repeat:var(--divider-pattern-repeat);mask-repeat:var(--divider-pattern-repeat);background-color:var(--divider-color);-webkit-mask-image:var(--divider-pattern-url);mask-image:var(--divider-pattern-url)}.elementor-widget-divider--no-spacing{--divider-pattern-size:auto}.elementor-widget-divider--bg-round{--divider-pattern-repeat:round}.rtl .elementor-widget-divider .elementor-divider__text{direction:rtl}.e-con-inner>.elementor-widget-divider,.e-con>.elementor-widget-divider{width:var(--container-widget-width,100%);--flex-grow:var(--container-widget-flex-grow)}<\/style>\t\t<div class=\"elementor-divider\">\n\t\t\t<span class=\"elementor-divider-separator\">\n\t\t\t\t\t\t<\/span>\n\t\t<\/div>\n\t\t\t\t<\/div>\n\t\t\t\t<\/div>\n\t\t\t\t<div class=\"elementor-element elementor-element-275f205 elementor-widget elementor-widget-heading\" data-id=\"275f205\" data-element_type=\"widget\" data-widget_type=\"heading.default\">\n\t\t\t\t<div class=\"elementor-widget-container\">\n\t\t\t<h1 class=\"elementor-heading-title elementor-size-default\">EN VENTA<\/h1>\t\t<\/div>\n\t\t\t\t<\/div>\n\t\t\t\t<\/div>\n\t\t\t\t<\/div>\n\t\t<div class=\"elementor-element elementor-element-fe0df26 e-con-full e-flex e-con e-parent\" data-id=\"fe0df26\" data-element_type=\"container\" data-settings=\"{&quot;content_width&quot;:&quot;full&quot;}\" data-core-v316-plus=\"true\">\n\t\t<div class=\"elementor-element elementor-element-5df14eb e-con-full e-flex e-con e-child\" data-id=\"5df14eb\" data-element_type=\"container\" data-settings=\"{&quot;content_width&quot;:&quot;full&quot;}\">\n\t\t\t\t<div class=\"elementor-element elementor-element-759e9f8 elementor-widget elementor-widget-image\" data-id=\"759e9f8\" data-element_type=\"widget\" data-widget_type=\"image.default\">\n\t\t\t\t<div class=\"elementor-widget-container\">\n\t\t\t<style>\/*! elementor - v3.18.0 - 20-12-2023 *\/\n.elementor-widget-image{text-align:center}.elementor-widget-image a{display:inline-block}.elementor-widget-image a img[src$=\".svg\"]{width:48px}.elementor-widget-image img{vertical-align:middle;display:inline-block}<\/style>\t\t\t\t\t\t\t\t\t\t\t\t<img fetchpriority=\"high\" decoding=\"async\" width=\"1024\" height=\"683\" src=\"https:\/\/yeguadaportillagarcia.com\/wp-content\/uploads\/2024\/02\/wayu_f_3-1024x683.jpg\" class=\"attachment-large size-large wp-image-11731\" alt=\"\" srcset=\"https:\/\/yeguadaportillagarcia.com\/wp-content\/uploads\/2024\/02\/wayu_f_3-1024x683.jpg 1024w, https:\/\/yeguadaportillagarcia.com\/wp-content\/uploads\/2024\/02\/wayu_f_3-300x200.jpg 300w, https:\/\/yeguadaportillagarcia.com\/wp-content\/uploads\/2024\/02\/wayu_f_3-768x512.jpg 768w, https:\/\/yeguadaportillagarcia.com\/wp-content\/uploads\/2024\/02\/wayu_f_3.jpg 1200w\" sizes=\"(max-width: 1024px) 100vw, 1024px\" \/>\t\t\t\t\t\t\t\t\t\t\t\t\t\t\t<\/div>\n\t\t\t\t<\/div>\n\t\t\t\t<div class=\"elementor-element elementor-element-4355be1 elementor-widget elementor-widget-image\" data-id=\"4355be1\" data-element_type=\"widget\" data-widget_type=\"image.default\">\n\t\t\t\t<div class=\"elementor-widget-container\">\n\t\t\t\t\t\t\t\t\t\t\t\t\t\t\t<img decoding=\"async\" width=\"1024\" height=\"683\" src=\"https:\/\/yeguadaportillagarcia.com\/wp-content\/uploads\/2024\/03\/wayu_portillagarcia.jpg\" class=\"attachment-large size-large wp-image-11813\" alt=\"\" srcset=\"https:\/\/yeguadaportillagarcia.com\/wp-content\/uploads\/2024\/03\/wayu_portillagarcia.jpg 1024w, https:\/\/yeguadaportillagarcia.com\/wp-content\/uploads\/2024\/03\/wayu_portillagarcia-300x200.jpg 300w, https:\/\/yeguadaportillagarcia.com\/wp-content\/uploads\/2024\/03\/wayu_portillagarcia-768x512.jpg 768w\" sizes=\"(max-width: 1024px) 100vw, 1024px\" \/>\t\t\t\t\t\t\t\t\t\t\t\t\t\t\t<\/div>\n\t\t\t\t<\/div>\n\t\t\t\t<\/div>\n\t\t<div class=\"elementor-element elementor-element-7bc85f3 e-con-full e-flex e-con e-child\" data-id=\"7bc85f3\" data-element_type=\"container\" data-settings=\"{&quot;background_background&quot;:&quot;classic&quot;,&quot;content_width&quot;:&quot;full&quot;}\">\n\t\t\t\t<div class=\"elementor-element elementor-element-e4e17b5 elementor-widget elementor-widget-heading\" data-id=\"e4e17b5\" data-element_type=\"widget\" data-widget_type=\"heading.default\">\n\t\t\t\t<div class=\"elementor-widget-container\">\n\t\t\t<h2 class=\"elementor-heading-title elementor-size-default\">INFORMACI\u00d3N<\/h2>\t\t<\/div>\n\t\t\t\t<\/div>\n\t\t\t\t<div class=\"elementor-element elementor-element-6318602 elementor-widget-divider--view-line elementor-widget elementor-widget-divider\" data-id=\"6318602\" data-element_type=\"widget\" data-widget_type=\"divider.default\">\n\t\t\t\t<div class=\"elementor-widget-container\">\n\t\t\t\t\t<div class=\"elementor-divider\">\n\t\t\t<span class=\"elementor-divider-separator\">\n\t\t\t\t\t\t<\/span>\n\t\t<\/div>\n\t\t\t\t<\/div>\n\t\t\t\t<\/div>\n\t\t\t\t<div class=\"elementor-element elementor-element-7a5160c elementor-widget__width-initial elementor-widget elementor-widget-text-editor\" data-id=\"7a5160c\" data-element_type=\"widget\" data-widget_type=\"text-editor.default\">\n\t\t\t\t<div class=\"elementor-widget-container\">\n\t\t\t<style>\/*! elementor - v3.18.0 - 20-12-2023 *\/\n.elementor-widget-text-editor.elementor-drop-cap-view-stacked .elementor-drop-cap{background-color:#69727d;color:#fff}.elementor-widget-text-editor.elementor-drop-cap-view-framed .elementor-drop-cap{color:#69727d;border:3px solid;background-color:transparent}.elementor-widget-text-editor:not(.elementor-drop-cap-view-default) .elementor-drop-cap{margin-top:8px}.elementor-widget-text-editor:not(.elementor-drop-cap-view-default) .elementor-drop-cap-letter{width:1em;height:1em}.elementor-widget-text-editor .elementor-drop-cap{float:left;text-align:center;line-height:1;font-size:50px}.elementor-widget-text-editor .elementor-drop-cap-letter{display:inline-block}<\/style>\t\t\t\t<p><strong>Caballo el 2006 del hierro Se\u00f1or\u00edo de Bara\u00edn con una talla de 1\u201961 y apto reproductor. <\/strong><\/p><p>En sus or\u00edgenes aparecen dos de los sementales representativos Miura Panadero VII y VIII. Y no menos importante Gaucho III del mismo hierro que el, caballo maestro con buena doma, nivel San Jorge lo que hace que sea un caballo ideal para un juvenil que quiera competir y seguir form\u00e1ndose.<\/p>\t\t\t\t\t\t<\/div>\n\t\t\t\t<\/div>\n\t\t\t\t<div class=\"elementor-element elementor-element-85eb109 elementor-widget elementor-widget-button\" data-id=\"85eb109\" data-element_type=\"widget\" data-widget_type=\"button.default\">\n\t\t\t\t<div class=\"elementor-widget-container\">\n\t\t\t\t\t<div class=\"elementor-button-wrapper\">\n\t\t\t<a class=\"elementor-button elementor-button-link elementor-size-md\" href=\"https:\/\/yeguadaportillagarcia.com\/index.php\/en\/contact-2\/\">\n\t\t\t\t\t\t<span class=\"elementor-button-content-wrapper\">\n\t\t\t\t\t\t<span class=\"elementor-button-text\">CONTACT<\/span>\n\t\t<\/span>\n\t\t\t\t\t<\/a>\n\t\t<\/div>\n\t\t\t\t<\/div>\n\t\t\t\t<\/div>\n\t\t\t\t<\/div>\n\t\t\t\t<\/div>\n\t\t<div class=\"elementor-element elementor-element-f95b98a e-flex e-con-boxed e-con e-parent\" data-id=\"f95b98a\" data-element_type=\"container\" data-settings=\"{&quot;background_background&quot;:&quot;classic&quot;,&quot;content_width&quot;:&quot;boxed&quot;}\" data-core-v316-plus=\"true\">\n\t\t\t\t\t<div class=\"e-con-inner\">\n\t\t\t\t<div class=\"elementor-element elementor-element-761c888 elementor-widget elementor-widget-video\" data-id=\"761c888\" data-element_type=\"widget\" data-settings=\"{&quot;youtube_url&quot;:&quot;https:\\\/\\\/youtu.be\\\/bqEC6QiyGB8&quot;,&quot;video_type&quot;:&quot;youtube&quot;,&quot;controls&quot;:&quot;yes&quot;}\" data-widget_type=\"video.default\">\n\t\t\t\t<div class=\"elementor-widget-container\">\n\t\t\t<style>\/*! elementor - v3.18.0 - 20-12-2023 *\/\n.elementor-widget-video .elementor-widget-container{overflow:hidden;transform:translateZ(0)}.elementor-widget-video .elementor-wrapper{aspect-ratio:var(--video-aspect-ratio)}.elementor-widget-video .elementor-wrapper iframe,.elementor-widget-video .elementor-wrapper video{height:100%;width:100%;display:flex;border:none;background-color:#000}@supports not (aspect-ratio:1\/1){.elementor-widget-video .elementor-wrapper{position:relative;overflow:hidden;height:0;padding-bottom:calc(100% \/ var(--video-aspect-ratio))}.elementor-widget-video .elementor-wrapper iframe,.elementor-widget-video .elementor-wrapper video{position:absolute;top:0;right:0;bottom:0;left:0}}.elementor-widget-video .elementor-open-inline .elementor-custom-embed-image-overlay{position:absolute;top:0;right:0;bottom:0;left:0;background-size:cover;background-position:50%}.elementor-widget-video .elementor-custom-embed-image-overlay{cursor:pointer;text-align:center}.elementor-widget-video .elementor-custom-embed-image-overlay:hover .elementor-custom-embed-play i{opacity:1}.elementor-widget-video .elementor-custom-embed-image-overlay img{display:block;width:100%;aspect-ratio:var(--video-aspect-ratio);-o-object-fit:cover;object-fit:cover;-o-object-position:center center;object-position:center center}@supports not (aspect-ratio:1\/1){.elementor-widget-video .elementor-custom-embed-image-overlay{position:relative;overflow:hidden;height:0;padding-bottom:calc(100% \/ var(--video-aspect-ratio))}.elementor-widget-video .elementor-custom-embed-image-overlay img{position:absolute;top:0;right:0;bottom:0;left:0}}.elementor-widget-video .e-hosted-video .elementor-video{-o-object-fit:cover;object-fit:cover}.e-con-inner>.elementor-widget-video,.e-con>.elementor-widget-video{width:var(--container-widget-width);--flex-grow:var(--container-widget-flex-grow)}<\/style>\t\t<div class=\"elementor-wrapper elementor-open-inline\">\n\t\t\t<div class=\"elementor-video\"><\/div>\t\t<\/div>\n\t\t\t\t<\/div>\n\t\t\t\t<\/div>\n\t\t\t\t\t<\/div>\n\t\t\t\t<\/div>\n\t\t<div class=\"elementor-element elementor-element-e348684 e-con-full e-flex e-con e-parent\" data-id=\"e348684\" data-element_type=\"container\" data-settings=\"{&quot;content_width&quot;:&quot;full&quot;}\" data-core-v316-plus=\"true\">\n\t\t\t\t<div class=\"elementor-element elementor-element-8b7d4e5 elementor-widget elementor-widget-halstein_core_image_gallery\" data-id=\"8b7d4e5\" data-element_type=\"widget\" data-widget_type=\"halstein_core_image_gallery.default\">\n\t\t\t\t<div class=\"elementor-widget-container\">\n\t\t\t<div class=\"qodef-shortcode qodef-m  qodef-image-gallery qodef-magnific-popup qodef-popup-gallery qodef--has-appear qodef-grid qodef-layout--columns  qodef-gutter--normal qodef-col-num--3    qodef-responsive--predefined\">\n\t<div class=\"qodef-grid-inner clear\">\n\t\t<div class=\"qodef-e qodef-image-wrapper qodef-grid-item \">\n\t\t\t<a class=\"qodef-popup-item\" itemprop=\"image\" href=\"https:\/\/yeguadaportillagarcia.com\/wp-content\/uploads\/2024\/02\/wayu_f_2.jpg\" data-type=\"image\" title=\"\">\n\t\t\t<img decoding=\"async\" width=\"1200\" height=\"800\" src=\"https:\/\/yeguadaportillagarcia.com\/wp-content\/uploads\/2024\/02\/wayu_f_2.jpg\" class=\"attachment-full size-full\" alt=\"\" srcset=\"https:\/\/yeguadaportillagarcia.com\/wp-content\/uploads\/2024\/02\/wayu_f_2.jpg 1200w, https:\/\/yeguadaportillagarcia.com\/wp-content\/uploads\/2024\/02\/wayu_f_2-300x200.jpg 300w, https:\/\/yeguadaportillagarcia.com\/wp-content\/uploads\/2024\/02\/wayu_f_2-1024x683.jpg 1024w, https:\/\/yeguadaportillagarcia.com\/wp-content\/uploads\/2024\/02\/wayu_f_2-768x512.jpg 768w\" sizes=\"(max-width: 1200px) 100vw, 1200px\" \/>\t\t\t<\/a>\n\t<\/div>\n<div class=\"qodef-e qodef-image-wrapper qodef-grid-item \">\n\t\t\t<a class=\"qodef-popup-item\" itemprop=\"image\" href=\"https:\/\/yeguadaportillagarcia.com\/wp-content\/uploads\/2024\/02\/wayu_f_1-1.jpg\" data-type=\"image\" title=\"\">\n\t\t\t<img loading=\"lazy\" decoding=\"async\" width=\"1200\" height=\"800\" src=\"https:\/\/yeguadaportillagarcia.com\/wp-content\/uploads\/2024\/02\/wayu_f_1-1.jpg\" class=\"attachment-full size-full\" alt=\"\" srcset=\"https:\/\/yeguadaportillagarcia.com\/wp-content\/uploads\/2024\/02\/wayu_f_1-1.jpg 1200w, https:\/\/yeguadaportillagarcia.com\/wp-content\/uploads\/2024\/02\/wayu_f_1-1-300x200.jpg 300w, https:\/\/yeguadaportillagarcia.com\/wp-content\/uploads\/2024\/02\/wayu_f_1-1-1024x683.jpg 1024w, https:\/\/yeguadaportillagarcia.com\/wp-content\/uploads\/2024\/02\/wayu_f_1-1-768x512.jpg 768w\" sizes=\"(max-width: 1200px) 100vw, 1200px\" \/>\t\t\t<\/a>\n\t<\/div>\n<div class=\"qodef-e qodef-image-wrapper qodef-grid-item \">\n\t\t\t<a class=\"qodef-popup-item\" itemprop=\"image\" href=\"https:\/\/yeguadaportillagarcia.com\/wp-content\/uploads\/2024\/02\/wayu_f_8.jpg\" data-type=\"image\" title=\"\">\n\t\t\t<img loading=\"lazy\" decoding=\"async\" width=\"1200\" height=\"800\" src=\"https:\/\/yeguadaportillagarcia.com\/wp-content\/uploads\/2024\/02\/wayu_f_8.jpg\" class=\"attachment-full size-full\" alt=\"\" srcset=\"https:\/\/yeguadaportillagarcia.com\/wp-content\/uploads\/2024\/02\/wayu_f_8.jpg 1200w, https:\/\/yeguadaportillagarcia.com\/wp-content\/uploads\/2024\/02\/wayu_f_8-300x200.jpg 300w, https:\/\/yeguadaportillagarcia.com\/wp-content\/uploads\/2024\/02\/wayu_f_8-1024x683.jpg 1024w, https:\/\/yeguadaportillagarcia.com\/wp-content\/uploads\/2024\/02\/wayu_f_8-768x512.jpg 768w\" sizes=\"(max-width: 1200px) 100vw, 1200px\" \/>\t\t\t<\/a>\n\t<\/div>\n<div class=\"qodef-e qodef-image-wrapper qodef-grid-item \">\n\t\t\t<a class=\"qodef-popup-item\" itemprop=\"image\" href=\"https:\/\/yeguadaportillagarcia.com\/wp-content\/uploads\/2024\/02\/wayu_f_5.jpg\" data-type=\"image\" title=\"\">\n\t\t\t<img loading=\"lazy\" decoding=\"async\" width=\"1200\" height=\"800\" src=\"https:\/\/yeguadaportillagarcia.com\/wp-content\/uploads\/2024\/02\/wayu_f_5.jpg\" class=\"attachment-full size-full\" alt=\"\" srcset=\"https:\/\/yeguadaportillagarcia.com\/wp-content\/uploads\/2024\/02\/wayu_f_5.jpg 1200w, https:\/\/yeguadaportillagarcia.com\/wp-content\/uploads\/2024\/02\/wayu_f_5-300x200.jpg 300w, https:\/\/yeguadaportillagarcia.com\/wp-content\/uploads\/2024\/02\/wayu_f_5-1024x683.jpg 1024w, https:\/\/yeguadaportillagarcia.com\/wp-content\/uploads\/2024\/02\/wayu_f_5-768x512.jpg 768w\" sizes=\"(max-width: 1200px) 100vw, 1200px\" \/>\t\t\t<\/a>\n\t<\/div>\n<div class=\"qodef-e qodef-image-wrapper qodef-grid-item \">\n\t\t\t<a class=\"qodef-popup-item\" itemprop=\"image\" href=\"https:\/\/yeguadaportillagarcia.com\/wp-content\/uploads\/2024\/02\/wayu_f_4.jpg\" data-type=\"image\" title=\"\">\n\t\t\t<img loading=\"lazy\" decoding=\"async\" width=\"1200\" height=\"800\" src=\"https:\/\/yeguadaportillagarcia.com\/wp-content\/uploads\/2024\/02\/wayu_f_4.jpg\" class=\"attachment-full size-full\" alt=\"\" srcset=\"https:\/\/yeguadaportillagarcia.com\/wp-content\/uploads\/2024\/02\/wayu_f_4.jpg 1200w, https:\/\/yeguadaportillagarcia.com\/wp-content\/uploads\/2024\/02\/wayu_f_4-300x200.jpg 300w, https:\/\/yeguadaportillagarcia.com\/wp-content\/uploads\/2024\/02\/wayu_f_4-1024x683.jpg 1024w, https:\/\/yeguadaportillagarcia.com\/wp-content\/uploads\/2024\/02\/wayu_f_4-768x512.jpg 768w\" sizes=\"(max-width: 1200px) 100vw, 1200px\" \/>\t\t\t<\/a>\n\t<\/div>\n<div class=\"qodef-e qodef-image-wrapper qodef-grid-item \">\n\t\t\t<a class=\"qodef-popup-item\" itemprop=\"image\" href=\"https:\/\/yeguadaportillagarcia.com\/wp-content\/uploads\/2024\/02\/wayu_f_9.jpg\" data-type=\"image\" title=\"\">\n\t\t\t<img loading=\"lazy\" decoding=\"async\" width=\"1200\" height=\"800\" src=\"https:\/\/yeguadaportillagarcia.com\/wp-content\/uploads\/2024\/02\/wayu_f_9.jpg\" class=\"attachment-full size-full\" alt=\"\" srcset=\"https:\/\/yeguadaportillagarcia.com\/wp-content\/uploads\/2024\/02\/wayu_f_9.jpg 1200w, https:\/\/yeguadaportillagarcia.com\/wp-content\/uploads\/2024\/02\/wayu_f_9-300x200.jpg 300w, https:\/\/yeguadaportillagarcia.com\/wp-content\/uploads\/2024\/02\/wayu_f_9-1024x683.jpg 1024w, https:\/\/yeguadaportillagarcia.com\/wp-content\/uploads\/2024\/02\/wayu_f_9-768x512.jpg 768w\" sizes=\"(max-width: 1200px) 100vw, 1200px\" \/>\t\t\t<\/a>\n\t<\/div>\n\t<\/div>\n<\/div>\n\t\t<\/div>\n\t\t\t\t<\/div>\n\t\t\t\t<\/div>\n\t\t<div class=\"elementor-element elementor-element-be1577b e-flex e-con-boxed e-con e-parent\" data-id=\"be1577b\" data-element_type=\"container\" data-settings=\"{&quot;content_width&quot;:&quot;boxed&quot;}\" data-core-v316-plus=\"true\">\n\t\t\t\t\t<div class=\"e-con-inner\">\n\t\t\t\t<div class=\"elementor-element elementor-element-baeddd3 elementor-widget elementor-widget-image\" data-id=\"baeddd3\" data-element_type=\"widget\" data-widget_type=\"image.default\">\n\t\t\t\t<div class=\"elementor-widget-container\">\n\t\t\t\t\t\t\t\t\t\t\t\t\t\t\t<img loading=\"lazy\" decoding=\"async\" width=\"1920\" height=\"1119\" src=\"https:\/\/yeguadaportillagarcia.com\/wp-content\/uploads\/2024\/03\/wayu_arbol.jpg\" class=\"attachment-full size-full wp-image-11971\" alt=\"\" srcset=\"https:\/\/yeguadaportillagarcia.com\/wp-content\/uploads\/2024\/03\/wayu_arbol.jpg 1920w, https:\/\/yeguadaportillagarcia.com\/wp-content\/uploads\/2024\/03\/wayu_arbol-300x175.jpg 300w, https:\/\/yeguadaportillagarcia.com\/wp-content\/uploads\/2024\/03\/wayu_arbol-1024x597.jpg 1024w, https:\/\/yeguadaportillagarcia.com\/wp-content\/uploads\/2024\/03\/wayu_arbol-768x448.jpg 768w, https:\/\/yeguadaportillagarcia.com\/wp-content\/uploads\/2024\/03\/wayu_arbol-1536x895.jpg 1536w\" sizes=\"(max-width: 1920px) 100vw, 1920px\" \/>\t\t\t\t\t\t\t\t\t\t\t\t\t\t\t<\/div>\n\t\t\t\t<\/div>\n\t\t\t\t\t<\/div>\n\t\t\t\t<\/div>\n\t\t<div class=\"elementor-element elementor-element-459b6ea e-flex e-con-boxed e-con e-parent\" data-id=\"459b6ea\" data-element_type=\"container\" data-settings=\"{&quot;content_width&quot;:&quot;boxed&quot;}\" data-core-v316-plus=\"true\">\n\t\t\t\t\t<div class=\"e-con-inner\">\n\t\t\t\t<div class=\"elementor-element elementor-element-5b900d4 elementor-widget elementor-widget-spacer\" data-id=\"5b900d4\" data-element_type=\"widget\" data-widget_type=\"spacer.default\">\n\t\t\t\t<div class=\"elementor-widget-container\">\n\t\t\t<style>\/*! elementor - v3.18.0 - 20-12-2023 *\/\n.elementor-column .elementor-spacer-inner{height:var(--spacer-size)}.e-con{--container-widget-width:100%}.e-con-inner>.elementor-widget-spacer,.e-con>.elementor-widget-spacer{width:var(--container-widget-width,var(--spacer-size));--align-self:var(--container-widget-align-self,initial);--flex-shrink:0}.e-con-inner>.elementor-widget-spacer>.elementor-widget-container,.e-con>.elementor-widget-spacer>.elementor-widget-container{height:100%;width:100%}.e-con-inner>.elementor-widget-spacer>.elementor-widget-container>.elementor-spacer,.e-con>.elementor-widget-spacer>.elementor-widget-container>.elementor-spacer{height:100%}.e-con-inner>.elementor-widget-spacer>.elementor-widget-container>.elementor-spacer>.elementor-spacer-inner,.e-con>.elementor-widget-spacer>.elementor-widget-container>.elementor-spacer>.elementor-spacer-inner{height:var(--container-widget-height,var(--spacer-size))}.e-con-inner>.elementor-widget-spacer.elementor-widget-empty,.e-con>.elementor-widget-spacer.elementor-widget-empty{position:relative;min-height:22px;min-width:22px}.e-con-inner>.elementor-widget-spacer.elementor-widget-empty .elementor-widget-empty-icon,.e-con>.elementor-widget-spacer.elementor-widget-empty .elementor-widget-empty-icon{position:absolute;top:0;bottom:0;left:0;right:0;margin:auto;padding:0;width:22px;height:22px}<\/style>\t\t<div class=\"elementor-spacer\">\n\t\t\t<div class=\"elementor-spacer-inner\"><\/div>\n\t\t<\/div>\n\t\t\t\t<\/div>\n\t\t\t\t<\/div>\n\t\t\t\t\t<\/div>\n\t\t\t\t<\/div>\n\t\t\t\t\t\t\t<\/div>\n\t\t","protected":false},"excerpt":{"rendered":"<p>Wayu EN VENTA INFORMACI\u00d3N Caballo el 2006 del hierro Se\u00f1or\u00edo de Bara\u00edn con una talla de 1\u201961 y apto reproductor. En sus or\u00edgenes aparecen dos de los sementales representativos Miura Panadero VII y VIII. Y no menos importante Gaucho III del mismo hierro que el, caballo maestro con buena doma, nivel San Jorge lo que [&hellip;]<\/p>\n","protected":false},"author":2,"featured_media":0,"parent":0,"menu_order":0,"comment_status":"closed","ping_status":"closed","template":"page-full-width.php","meta":{"footnotes":""},"class_list":["post-11706","page","type-page","status-publish","hentry"],"_links":{"self":[{"href":"https:\/\/yeguadaportillagarcia.com\/index.php\/wp-json\/wp\/v2\/pages\/11706","targetHints":{"allow":["GET"]}}],"collection":[{"href":"https:\/\/yeguadaportillagarcia.com\/index.php\/wp-json\/wp\/v2\/pages"}],"about":[{"href":"https:\/\/yeguadaportillagarcia.com\/index.php\/wp-json\/wp\/v2\/types\/page"}],"author":[{"embeddable":true,"href":"https:\/\/yeguadaportillagarcia.com\/index.php\/wp-json\/wp\/v2\/users\/2"}],"replies":[{"embeddable":true,"href":"https:\/\/yeguadaportillagarcia.com\/index.php\/wp-json\/wp\/v2\/comments?post=11706"}],"version-history":[{"count":44,"href":"https:\/\/yeguadaportillagarcia.com\/index.php\/wp-json\/wp\/v2\/pages\/11706\/revisions"}],"predecessor-version":[{"id":12480,"href":"https:\/\/yeguadaportillagarcia.com\/index.php\/wp-json\/wp\/v2\/pages\/11706\/revisions\/12480"}],"wp:attachment":[{"href":"https:\/\/yeguadaportillagarcia.com\/index.php\/wp-json\/wp\/v2\/media?parent=11706"}],"curies":[{"name":"wp","href":"https:\/\/api.w.org\/{rel}","templated":true}]}}