{"id":10752,"date":"2024-01-31T09:55:30","date_gmt":"2024-01-31T09:55:30","guid":{"rendered":"https:\/\/yeguadaportillagarcia.com\/?page_id=10752"},"modified":"2024-04-06T08:08:41","modified_gmt":"2024-04-06T08:08:41","slug":"pupilaje","status":"publish","type":"page","link":"https:\/\/yeguadaportillagarcia.com\/index.php\/pupilaje\/","title":{"rendered":"Pupilaje"},"content":{"rendered":"\t\t<div data-elementor-type=\"wp-page\" data-elementor-id=\"10752\" class=\"elementor elementor-10752\">\n\t\t\t\t\t\t\t<div class=\"elementor-element elementor-element-37bc5ed e-con-full e-flex e-con e-parent\" data-id=\"37bc5ed\" data-element_type=\"container\" data-settings=\"{&quot;content_width&quot;:&quot;full&quot;,&quot;background_background&quot;:&quot;classic&quot;}\" data-core-v316-plus=\"true\">\n\t\t\t\t<\/div>\n\t\t<div class=\"elementor-element elementor-element-8d0515c e-con-full e-flex e-con e-parent\" data-id=\"8d0515c\" data-element_type=\"container\" data-settings=\"{&quot;content_width&quot;:&quot;full&quot;,&quot;background_background&quot;:&quot;classic&quot;}\" data-core-v316-plus=\"true\">\n\t\t<div class=\"elementor-element elementor-element-5298001 e-con-full e-flex e-con e-child\" data-id=\"5298001\" data-element_type=\"container\" data-settings=\"{&quot;content_width&quot;:&quot;full&quot;,&quot;background_background&quot;:&quot;classic&quot;}\">\n\t\t\t\t<div class=\"elementor-element elementor-element-129ca72 elementor-widget elementor-widget-heading\" data-id=\"129ca72\" data-element_type=\"widget\" data-widget_type=\"heading.default\">\n\t\t\t\t<div class=\"elementor-widget-container\">\n\t\t\t<style>\/*! elementor - v3.18.0 - 20-12-2023 *\/\n.elementor-heading-title{padding:0;margin:0;line-height:1}.elementor-widget-heading .elementor-heading-title[class*=elementor-size-]>a{color:inherit;font-size:inherit;line-height:inherit}.elementor-widget-heading .elementor-heading-title.elementor-size-small{font-size:15px}.elementor-widget-heading .elementor-heading-title.elementor-size-medium{font-size:19px}.elementor-widget-heading .elementor-heading-title.elementor-size-large{font-size:29px}.elementor-widget-heading .elementor-heading-title.elementor-size-xl{font-size:39px}.elementor-widget-heading .elementor-heading-title.elementor-size-xxl{font-size:59px}<\/style><h1 class=\"elementor-heading-title elementor-size-default\">PUPILAJE<\/h1>\t\t<\/div>\n\t\t\t\t<\/div>\n\t\t\t\t<div class=\"elementor-element elementor-element-a9afbf5 elementor-widget-divider--view-line elementor-widget elementor-widget-divider\" data-id=\"a9afbf5\" data-element_type=\"widget\" data-widget_type=\"divider.default\">\n\t\t\t\t<div class=\"elementor-widget-container\">\n\t\t\t<style>\/*! elementor - v3.18.0 - 20-12-2023 *\/\n.elementor-widget-divider{--divider-border-style:none;--divider-border-width:1px;--divider-color:#0c0d0e;--divider-icon-size:20px;--divider-element-spacing:10px;--divider-pattern-height:24px;--divider-pattern-size:20px;--divider-pattern-url:none;--divider-pattern-repeat:repeat-x}.elementor-widget-divider .elementor-divider{display:flex}.elementor-widget-divider .elementor-divider__text{font-size:15px;line-height:1;max-width:95%}.elementor-widget-divider .elementor-divider__element{margin:0 var(--divider-element-spacing);flex-shrink:0}.elementor-widget-divider .elementor-icon{font-size:var(--divider-icon-size)}.elementor-widget-divider .elementor-divider-separator{display:flex;margin:0;direction:ltr}.elementor-widget-divider--view-line_icon .elementor-divider-separator,.elementor-widget-divider--view-line_text .elementor-divider-separator{align-items:center}.elementor-widget-divider--view-line_icon .elementor-divider-separator:after,.elementor-widget-divider--view-line_icon .elementor-divider-separator:before,.elementor-widget-divider--view-line_text .elementor-divider-separator:after,.elementor-widget-divider--view-line_text .elementor-divider-separator:before{display:block;content:\"\";border-bottom:0;flex-grow:1;border-top:var(--divider-border-width) var(--divider-border-style) var(--divider-color)}.elementor-widget-divider--element-align-left .elementor-divider .elementor-divider-separator>.elementor-divider__svg:first-of-type{flex-grow:0;flex-shrink:100}.elementor-widget-divider--element-align-left .elementor-divider-separator:before{content:none}.elementor-widget-divider--element-align-left .elementor-divider__element{margin-left:0}.elementor-widget-divider--element-align-right .elementor-divider .elementor-divider-separator>.elementor-divider__svg:last-of-type{flex-grow:0;flex-shrink:100}.elementor-widget-divider--element-align-right .elementor-divider-separator:after{content:none}.elementor-widget-divider--element-align-right .elementor-divider__element{margin-right:0}.elementor-widget-divider:not(.elementor-widget-divider--view-line_text):not(.elementor-widget-divider--view-line_icon) .elementor-divider-separator{border-top:var(--divider-border-width) var(--divider-border-style) var(--divider-color)}.elementor-widget-divider--separator-type-pattern{--divider-border-style:none}.elementor-widget-divider--separator-type-pattern.elementor-widget-divider--view-line .elementor-divider-separator,.elementor-widget-divider--separator-type-pattern:not(.elementor-widget-divider--view-line) .elementor-divider-separator:after,.elementor-widget-divider--separator-type-pattern:not(.elementor-widget-divider--view-line) .elementor-divider-separator:before,.elementor-widget-divider--separator-type-pattern:not([class*=elementor-widget-divider--view]) .elementor-divider-separator{width:100%;min-height:var(--divider-pattern-height);-webkit-mask-size:var(--divider-pattern-size) 100%;mask-size:var(--divider-pattern-size) 100%;-webkit-mask-repeat:var(--divider-pattern-repeat);mask-repeat:var(--divider-pattern-repeat);background-color:var(--divider-color);-webkit-mask-image:var(--divider-pattern-url);mask-image:var(--divider-pattern-url)}.elementor-widget-divider--no-spacing{--divider-pattern-size:auto}.elementor-widget-divider--bg-round{--divider-pattern-repeat:round}.rtl .elementor-widget-divider .elementor-divider__text{direction:rtl}.e-con-inner>.elementor-widget-divider,.e-con>.elementor-widget-divider{width:var(--container-widget-width,100%);--flex-grow:var(--container-widget-flex-grow)}<\/style>\t\t<div class=\"elementor-divider\">\n\t\t\t<span class=\"elementor-divider-separator\">\n\t\t\t\t\t\t<\/span>\n\t\t<\/div>\n\t\t\t\t<\/div>\n\t\t\t\t<\/div>\n\t\t\t\t<div class=\"elementor-element elementor-element-a760f76 elementor-widget__width-initial elementor-widget elementor-widget-text-editor\" data-id=\"a760f76\" data-element_type=\"widget\" data-widget_type=\"text-editor.default\">\n\t\t\t\t<div class=\"elementor-widget-container\">\n\t\t\t<style>\/*! elementor - v3.18.0 - 20-12-2023 *\/\n.elementor-widget-text-editor.elementor-drop-cap-view-stacked .elementor-drop-cap{background-color:#69727d;color:#fff}.elementor-widget-text-editor.elementor-drop-cap-view-framed .elementor-drop-cap{color:#69727d;border:3px solid;background-color:transparent}.elementor-widget-text-editor:not(.elementor-drop-cap-view-default) .elementor-drop-cap{margin-top:8px}.elementor-widget-text-editor:not(.elementor-drop-cap-view-default) .elementor-drop-cap-letter{width:1em;height:1em}.elementor-widget-text-editor .elementor-drop-cap{float:left;text-align:center;line-height:1;font-size:50px}.elementor-widget-text-editor .elementor-drop-cap-letter{display:inline-block}<\/style>\t\t\t\t<p>\u00a0&#8220;Ofrecemos dos tipos de pupilaje: uno con jinetes expertos y otro con clases privadas personalizadas, para adaptarnos a las necesidades individuales de cada caballo.&#8221;<\/p>\t\t\t\t\t\t<\/div>\n\t\t\t\t<\/div>\n\t\t\t\t<\/div>\n\t\t\t\t<\/div>\n\t\t<div class=\"elementor-element elementor-element-fe0df26 e-con-full e-flex e-con e-parent\" data-id=\"fe0df26\" data-element_type=\"container\" data-settings=\"{&quot;content_width&quot;:&quot;full&quot;}\" data-core-v316-plus=\"true\">\n\t\t<div class=\"elementor-element elementor-element-5df14eb e-con-full e-flex e-con e-child\" data-id=\"5df14eb\" data-element_type=\"container\" data-settings=\"{&quot;content_width&quot;:&quot;full&quot;}\">\n\t\t\t\t<div class=\"elementor-element elementor-element-759e9f8 elementor-widget elementor-widget-image\" data-id=\"759e9f8\" data-element_type=\"widget\" data-widget_type=\"image.default\">\n\t\t\t\t<div class=\"elementor-widget-container\">\n\t\t\t<style>\/*! elementor - v3.18.0 - 20-12-2023 *\/\n.elementor-widget-image{text-align:center}.elementor-widget-image a{display:inline-block}.elementor-widget-image a img[src$=\".svg\"]{width:48px}.elementor-widget-image img{vertical-align:middle;display:inline-block}<\/style>\t\t\t\t\t\t\t\t\t\t\t\t<img fetchpriority=\"high\" decoding=\"async\" width=\"1024\" height=\"683\" src=\"https:\/\/yeguadaportillagarcia.com\/wp-content\/uploads\/2024\/02\/pupilaje_3-1024x683.jpg\" class=\"attachment-large size-large wp-image-11527\" alt=\"\" srcset=\"https:\/\/yeguadaportillagarcia.com\/wp-content\/uploads\/2024\/02\/pupilaje_3-1024x683.jpg 1024w, https:\/\/yeguadaportillagarcia.com\/wp-content\/uploads\/2024\/02\/pupilaje_3-300x200.jpg 300w, https:\/\/yeguadaportillagarcia.com\/wp-content\/uploads\/2024\/02\/pupilaje_3-768x512.jpg 768w, https:\/\/yeguadaportillagarcia.com\/wp-content\/uploads\/2024\/02\/pupilaje_3.jpg 1200w\" sizes=\"(max-width: 1024px) 100vw, 1024px\" \/>\t\t\t\t\t\t\t\t\t\t\t\t\t\t\t<\/div>\n\t\t\t\t<\/div>\n\t\t\t\t<\/div>\n\t\t<div class=\"elementor-element elementor-element-7bc85f3 e-con-full e-flex e-con e-child\" data-id=\"7bc85f3\" data-element_type=\"container\" data-settings=\"{&quot;background_background&quot;:&quot;classic&quot;,&quot;content_width&quot;:&quot;full&quot;}\">\n\t\t\t\t<div class=\"elementor-element elementor-element-e4e17b5 elementor-widget elementor-widget-heading\" data-id=\"e4e17b5\" data-element_type=\"widget\" data-widget_type=\"heading.default\">\n\t\t\t\t<div class=\"elementor-widget-container\">\n\t\t\t<h2 class=\"elementor-heading-title elementor-size-default\">PUPILAJE CON JINETE<\/h2>\t\t<\/div>\n\t\t\t\t<\/div>\n\t\t\t\t<div class=\"elementor-element elementor-element-6318602 elementor-widget-divider--view-line elementor-widget elementor-widget-divider\" data-id=\"6318602\" data-element_type=\"widget\" data-widget_type=\"divider.default\">\n\t\t\t\t<div class=\"elementor-widget-container\">\n\t\t\t\t\t<div class=\"elementor-divider\">\n\t\t\t<span class=\"elementor-divider-separator\">\n\t\t\t\t\t\t<\/span>\n\t\t<\/div>\n\t\t\t\t<\/div>\n\t\t\t\t<\/div>\n\t\t\t\t<div class=\"elementor-element elementor-element-7a5160c elementor-widget__width-initial elementor-widget elementor-widget-text-editor\" data-id=\"7a5160c\" data-element_type=\"widget\" data-widget_type=\"text-editor.default\">\n\t\t\t\t<div class=\"elementor-widget-container\">\n\t\t\t\t\t\t\t<p>En este tipo de pupilaje, los propietarios conf\u00edan la monta y entrenamiento de sus caballos a nuestro ginete profesional.<\/p><p>El jinete se encarga de trabajar con cada caballo individualmente, ajustando su entrenamiento seg\u00fan sus necesidades espec\u00edficas. Esto puede incluir aspectos como mejorar la forma f\u00edsica del caballo, perfeccionar su t\u00e9cnica, o ense\u00f1arle nuevos comandos.<\/p><p>Los propietarios suelen pagar una tarifa mensual por los servicios del ginete, que incluyen tiempo de monta, entrenamiento espec\u00edfco y cuidado general del caballo.<\/p><p>Este tipo de pupilaje es ideal para aquellos propietarios que desean maximizar el rendimiento y las habilidades de competici\u00f3n de sus caballos.<\/p>\t\t\t\t\t\t<\/div>\n\t\t\t\t<\/div>\n\t\t\t\t<\/div>\n\t\t\t\t<\/div>\n\t\t<div class=\"elementor-element elementor-element-1822f67 e-con-full e-flex e-con e-parent\" data-id=\"1822f67\" data-element_type=\"container\" data-settings=\"{&quot;content_width&quot;:&quot;full&quot;}\" data-core-v316-plus=\"true\">\n\t\t<div class=\"elementor-element elementor-element-d24f6b4 e-con-full e-flex e-con e-child\" data-id=\"d24f6b4\" data-element_type=\"container\" data-settings=\"{&quot;content_width&quot;:&quot;full&quot;}\">\n\t\t\t\t<div class=\"elementor-element elementor-element-25c2f9c elementor-widget elementor-widget-image\" data-id=\"25c2f9c\" data-element_type=\"widget\" data-widget_type=\"image.default\">\n\t\t\t\t<div class=\"elementor-widget-container\">\n\t\t\t\t\t\t\t\t\t\t\t\t\t\t\t<img decoding=\"async\" width=\"1024\" height=\"683\" src=\"https:\/\/yeguadaportillagarcia.com\/wp-content\/uploads\/2024\/02\/pupilaje_1-1024x683.jpg\" class=\"attachment-large size-large wp-image-11518\" alt=\"\" srcset=\"https:\/\/yeguadaportillagarcia.com\/wp-content\/uploads\/2024\/02\/pupilaje_1-1024x683.jpg 1024w, https:\/\/yeguadaportillagarcia.com\/wp-content\/uploads\/2024\/02\/pupilaje_1-300x200.jpg 300w, https:\/\/yeguadaportillagarcia.com\/wp-content\/uploads\/2024\/02\/pupilaje_1-768x512.jpg 768w, https:\/\/yeguadaportillagarcia.com\/wp-content\/uploads\/2024\/02\/pupilaje_1.jpg 1200w\" sizes=\"(max-width: 1024px) 100vw, 1024px\" \/>\t\t\t\t\t\t\t\t\t\t\t\t\t\t\t<\/div>\n\t\t\t\t<\/div>\n\t\t\t\t<\/div>\n\t\t<div class=\"elementor-element elementor-element-7436e10 e-con-full e-flex e-con e-child\" data-id=\"7436e10\" data-element_type=\"container\" data-settings=\"{&quot;background_background&quot;:&quot;classic&quot;,&quot;content_width&quot;:&quot;full&quot;}\">\n\t\t\t\t<div class=\"elementor-element elementor-element-3027d8c elementor-widget elementor-widget-heading\" data-id=\"3027d8c\" data-element_type=\"widget\" data-widget_type=\"heading.default\">\n\t\t\t\t<div class=\"elementor-widget-container\">\n\t\t\t<h2 class=\"elementor-heading-title elementor-size-default\">PUPILAJE SIN JINETE<\/h2>\t\t<\/div>\n\t\t\t\t<\/div>\n\t\t\t\t<div class=\"elementor-element elementor-element-cb14158 elementor-widget-divider--view-line elementor-widget elementor-widget-divider\" data-id=\"cb14158\" data-element_type=\"widget\" data-widget_type=\"divider.default\">\n\t\t\t\t<div class=\"elementor-widget-container\">\n\t\t\t\t\t<div class=\"elementor-divider\">\n\t\t\t<span class=\"elementor-divider-separator\">\n\t\t\t\t\t\t<\/span>\n\t\t<\/div>\n\t\t\t\t<\/div>\n\t\t\t\t<\/div>\n\t\t\t\t<div class=\"elementor-element elementor-element-76d3706 elementor-widget__width-initial elementor-widget elementor-widget-text-editor\" data-id=\"76d3706\" data-element_type=\"widget\" data-widget_type=\"text-editor.default\">\n\t\t\t\t<div class=\"elementor-widget-container\">\n\t\t\t\t\t\t\t<p>En el pupilaje con clases, el enfoque se centra en proporcionar lecciones de equitaci\u00f3n a los propietarios y jinetes.<\/p><p>Los propietarios pueden optar por participar en clases grupales o recibir lecciones privadas, dependiendo de sus preferencias y necesidades de entrenamiento.<\/p><p>El instructor se encarga de ense\u00f1ar y mejorar las habilidades de equitaci\u00f3n de los jinetes, as\u00ed como brindar asesoramiento sobre el cuidado general y la relaci\u00f3n con el caballo.<\/p><p>Este tipo de pupilaje no solo bene cia a los jinetes, sino que tambi\u00e9n crea una comunidad en la que los propietarios comparten experiencias y conocimientos.<\/p>\t\t\t\t\t\t<\/div>\n\t\t\t\t<\/div>\n\t\t\t\t<\/div>\n\t\t\t\t<\/div>\n\t\t<div class=\"elementor-element elementor-element-2f18971 e-flex e-con-boxed e-con e-parent\" data-id=\"2f18971\" data-element_type=\"container\" data-settings=\"{&quot;content_width&quot;:&quot;boxed&quot;}\" data-core-v316-plus=\"true\">\n\t\t\t\t\t<div class=\"e-con-inner\">\n\t\t\t\t<div class=\"elementor-element elementor-element-c7da630 elementor-widget elementor-widget-spacer\" data-id=\"c7da630\" data-element_type=\"widget\" data-widget_type=\"spacer.default\">\n\t\t\t\t<div class=\"elementor-widget-container\">\n\t\t\t<style>\/*! elementor - v3.18.0 - 20-12-2023 *\/\n.elementor-column .elementor-spacer-inner{height:var(--spacer-size)}.e-con{--container-widget-width:100%}.e-con-inner>.elementor-widget-spacer,.e-con>.elementor-widget-spacer{width:var(--container-widget-width,var(--spacer-size));--align-self:var(--container-widget-align-self,initial);--flex-shrink:0}.e-con-inner>.elementor-widget-spacer>.elementor-widget-container,.e-con>.elementor-widget-spacer>.elementor-widget-container{height:100%;width:100%}.e-con-inner>.elementor-widget-spacer>.elementor-widget-container>.elementor-spacer,.e-con>.elementor-widget-spacer>.elementor-widget-container>.elementor-spacer{height:100%}.e-con-inner>.elementor-widget-spacer>.elementor-widget-container>.elementor-spacer>.elementor-spacer-inner,.e-con>.elementor-widget-spacer>.elementor-widget-container>.elementor-spacer>.elementor-spacer-inner{height:var(--container-widget-height,var(--spacer-size))}.e-con-inner>.elementor-widget-spacer.elementor-widget-empty,.e-con>.elementor-widget-spacer.elementor-widget-empty{position:relative;min-height:22px;min-width:22px}.e-con-inner>.elementor-widget-spacer.elementor-widget-empty .elementor-widget-empty-icon,.e-con>.elementor-widget-spacer.elementor-widget-empty .elementor-widget-empty-icon{position:absolute;top:0;bottom:0;left:0;right:0;margin:auto;padding:0;width:22px;height:22px}<\/style>\t\t<div class=\"elementor-spacer\">\n\t\t\t<div class=\"elementor-spacer-inner\"><\/div>\n\t\t<\/div>\n\t\t\t\t<\/div>\n\t\t\t\t<\/div>\n\t\t\t\t\t<\/div>\n\t\t\t\t<\/div>\n\t\t<div class=\"elementor-element elementor-element-35ebdcf e-flex e-con-boxed e-con e-parent\" data-id=\"35ebdcf\" data-element_type=\"container\" data-settings=\"{&quot;background_background&quot;:&quot;classic&quot;,&quot;content_width&quot;:&quot;boxed&quot;}\" data-core-v316-plus=\"true\">\n\t\t\t\t\t<div class=\"e-con-inner\">\n\t\t<div class=\"elementor-element elementor-element-80ab2f5 e-con-full e-flex e-con e-child\" data-id=\"80ab2f5\" data-element_type=\"container\" data-settings=\"{&quot;content_width&quot;:&quot;full&quot;}\">\n\t\t<div class=\"elementor-element elementor-element-caed881 e-flex e-con-boxed e-con e-child\" data-id=\"caed881\" data-element_type=\"container\" data-settings=\"{&quot;content_width&quot;:&quot;boxed&quot;}\">\n\t\t\t\t\t<div class=\"e-con-inner\">\n\t\t\t\t<div class=\"elementor-element elementor-element-01dc905 elementor-widget elementor-widget-image\" data-id=\"01dc905\" data-element_type=\"widget\" data-widget_type=\"image.default\">\n\t\t\t\t<div class=\"elementor-widget-container\">\n\t\t\t\t\t\t\t\t\t\t\t\t\t\t\t<img decoding=\"async\" width=\"800\" height=\"1067\" src=\"https:\/\/yeguadaportillagarcia.com\/wp-content\/uploads\/2024\/02\/pupilaje_5.jpg\" class=\"attachment-full size-full wp-image-11535\" alt=\"\" srcset=\"https:\/\/yeguadaportillagarcia.com\/wp-content\/uploads\/2024\/02\/pupilaje_5.jpg 800w, https:\/\/yeguadaportillagarcia.com\/wp-content\/uploads\/2024\/02\/pupilaje_5-225x300.jpg 225w, https:\/\/yeguadaportillagarcia.com\/wp-content\/uploads\/2024\/02\/pupilaje_5-768x1024.jpg 768w\" sizes=\"(max-width: 800px) 100vw, 800px\" \/>\t\t\t\t\t\t\t\t\t\t\t\t\t\t\t<\/div>\n\t\t\t\t<\/div>\n\t\t\t\t<div class=\"elementor-element elementor-element-7a4eb43 elementor-widget elementor-widget-heading\" data-id=\"7a4eb43\" data-element_type=\"widget\" data-widget_type=\"heading.default\">\n\t\t\t\t<div class=\"elementor-widget-container\">\n\t\t\t<h2 class=\"elementor-heading-title elementor-size-default\">BOXES<\/h2>\t\t<\/div>\n\t\t\t\t<\/div>\n\t\t\t\t<div class=\"elementor-element elementor-element-585bf6e elementor-widget-divider--view-line elementor-widget elementor-widget-divider\" data-id=\"585bf6e\" data-element_type=\"widget\" data-widget_type=\"divider.default\">\n\t\t\t\t<div class=\"elementor-widget-container\">\n\t\t\t\t\t<div class=\"elementor-divider\">\n\t\t\t<span class=\"elementor-divider-separator\">\n\t\t\t\t\t\t<\/span>\n\t\t<\/div>\n\t\t\t\t<\/div>\n\t\t\t\t<\/div>\n\t\t\t\t<div class=\"elementor-element elementor-element-206e27a elementor-widget__width-initial elementor-widget elementor-widget-text-editor\" data-id=\"206e27a\" data-element_type=\"widget\" data-widget_type=\"text-editor.default\">\n\t\t\t\t<div class=\"elementor-widget-container\">\n\t\t\t\t\t\t\t<p>En nuestras instalaciones, priorizamos el confort y el bienestar de nuestros caballos. Nuestros establos est\u00e1n dise\u00f1ados para ofrecer un ambiente acogedor y agradable, con boxes espaciosos y bien ventilados que ofrecen un amplio espacio para el movimiento. Adem\u00e1s, prestamos atenci\u00f3n a cada detalle para asegurarnos de que los establos sean est\u00e9ticamente atractivos y se mantengan con cuidado. Desde la ropa de cama fresca hasta el cepillado regular, nos esforzamos por crear un ambiente donde los caballos se sientan seguros, c\u00f3modos y contentos.<\/p>\t\t\t\t\t\t<\/div>\n\t\t\t\t<\/div>\n\t\t\t\t\t<\/div>\n\t\t\t\t<\/div>\n\t\t\t\t<\/div>\n\t\t<div class=\"elementor-element elementor-element-90d9504 e-con-full e-flex e-con e-child\" data-id=\"90d9504\" data-element_type=\"container\" data-settings=\"{&quot;content_width&quot;:&quot;full&quot;}\">\n\t\t<div class=\"elementor-element elementor-element-7ed92ed e-flex e-con-boxed e-con e-child\" data-id=\"7ed92ed\" data-element_type=\"container\" data-settings=\"{&quot;content_width&quot;:&quot;boxed&quot;}\">\n\t\t\t\t\t<div class=\"e-con-inner\">\n\t\t\t\t<div class=\"elementor-element elementor-element-745e4cb elementor-widget elementor-widget-image\" data-id=\"745e4cb\" data-element_type=\"widget\" data-widget_type=\"image.default\">\n\t\t\t\t<div class=\"elementor-widget-container\">\n\t\t\t\t\t\t\t\t\t\t\t\t\t\t\t<img loading=\"lazy\" decoding=\"async\" width=\"800\" height=\"1067\" src=\"https:\/\/yeguadaportillagarcia.com\/wp-content\/uploads\/2024\/02\/pupilaje_6.jpg\" class=\"attachment-full size-full wp-image-11536\" alt=\"\" srcset=\"https:\/\/yeguadaportillagarcia.com\/wp-content\/uploads\/2024\/02\/pupilaje_6.jpg 800w, https:\/\/yeguadaportillagarcia.com\/wp-content\/uploads\/2024\/02\/pupilaje_6-225x300.jpg 225w, https:\/\/yeguadaportillagarcia.com\/wp-content\/uploads\/2024\/02\/pupilaje_6-768x1024.jpg 768w\" sizes=\"(max-width: 800px) 100vw, 800px\" \/>\t\t\t\t\t\t\t\t\t\t\t\t\t\t\t<\/div>\n\t\t\t\t<\/div>\n\t\t\t\t<div class=\"elementor-element elementor-element-c78f5ee elementor-widget elementor-widget-heading\" data-id=\"c78f5ee\" data-element_type=\"widget\" data-widget_type=\"heading.default\">\n\t\t\t\t<div class=\"elementor-widget-container\">\n\t\t\t<h2 class=\"elementor-heading-title elementor-size-default\">LIMPIEZA<\/h2>\t\t<\/div>\n\t\t\t\t<\/div>\n\t\t\t\t<div class=\"elementor-element elementor-element-6c0608d elementor-widget-divider--view-line elementor-widget elementor-widget-divider\" data-id=\"6c0608d\" data-element_type=\"widget\" data-widget_type=\"divider.default\">\n\t\t\t\t<div class=\"elementor-widget-container\">\n\t\t\t\t\t<div class=\"elementor-divider\">\n\t\t\t<span class=\"elementor-divider-separator\">\n\t\t\t\t\t\t<\/span>\n\t\t<\/div>\n\t\t\t\t<\/div>\n\t\t\t\t<\/div>\n\t\t\t\t<div class=\"elementor-element elementor-element-009a0b3 elementor-widget__width-initial elementor-widget elementor-widget-text-editor\" data-id=\"009a0b3\" data-element_type=\"widget\" data-widget_type=\"text-editor.default\">\n\t\t\t\t<div class=\"elementor-widget-container\">\n\t\t\t\t\t\t\t<p>Nuestro compromiso con la excelencia en el cuidado de los caballos se extiende a la limpieza de nuestros establos. Cada d\u00eda, nuestro equipo dedicado se asegura de que los boxes de los caballos est\u00e9n meticulosamente limpios y mantenidos seg\u00fan los m\u00e1s altos est\u00e1ndares. Entendemos la importancia de proporcionar un ambiente limpio y saludable para nuestros residentes equinos, y nos enorgullece mantener sus espacios de vida impecables e higi\u00e9nicos.<\/p>\t\t\t\t\t\t<\/div>\n\t\t\t\t<\/div>\n\t\t\t\t\t<\/div>\n\t\t\t\t<\/div>\n\t\t\t\t<\/div>\n\t\t\t\t\t<\/div>\n\t\t\t\t<\/div>\n\t\t<div class=\"elementor-element elementor-element-d833502 e-flex e-con-boxed e-con e-parent\" data-id=\"d833502\" data-element_type=\"container\" data-settings=\"{&quot;background_background&quot;:&quot;classic&quot;,&quot;content_width&quot;:&quot;boxed&quot;}\" data-core-v316-plus=\"true\">\n\t\t\t\t\t<div class=\"e-con-inner\">\n\t\t\t\t\t<\/div>\n\t\t\t\t<\/div>\n\t\t\t\t\t\t\t<\/div>\n\t\t","protected":false},"excerpt":{"rendered":"<p>PUPILAJE \u00a0&#8220;Ofrecemos dos tipos de pupilaje: uno con jinetes expertos y otro con clases privadas personalizadas, para adaptarnos a las necesidades individuales de cada caballo.&#8221; PUPILAJE CON JINETE En este tipo de pupilaje, los propietarios conf\u00edan la monta y entrenamiento de sus caballos a nuestro ginete profesional. El jinete se encarga de trabajar con cada [&hellip;]<\/p>\n","protected":false},"author":2,"featured_media":0,"parent":0,"menu_order":0,"comment_status":"closed","ping_status":"closed","template":"page-full-width.php","meta":{"footnotes":""},"class_list":["post-10752","page","type-page","status-publish","hentry"],"_links":{"self":[{"href":"https:\/\/yeguadaportillagarcia.com\/index.php\/wp-json\/wp\/v2\/pages\/10752","targetHints":{"allow":["GET"]}}],"collection":[{"href":"https:\/\/yeguadaportillagarcia.com\/index.php\/wp-json\/wp\/v2\/pages"}],"about":[{"href":"https:\/\/yeguadaportillagarcia.com\/index.php\/wp-json\/wp\/v2\/types\/page"}],"author":[{"embeddable":true,"href":"https:\/\/yeguadaportillagarcia.com\/index.php\/wp-json\/wp\/v2\/users\/2"}],"replies":[{"embeddable":true,"href":"https:\/\/yeguadaportillagarcia.com\/index.php\/wp-json\/wp\/v2\/comments?post=10752"}],"version-history":[{"count":221,"href":"https:\/\/yeguadaportillagarcia.com\/index.php\/wp-json\/wp\/v2\/pages\/10752\/revisions"}],"predecessor-version":[{"id":12297,"href":"https:\/\/yeguadaportillagarcia.com\/index.php\/wp-json\/wp\/v2\/pages\/10752\/revisions\/12297"}],"wp:attachment":[{"href":"https:\/\/yeguadaportillagarcia.com\/index.php\/wp-json\/wp\/v2\/media?parent=10752"}],"curies":[{"name":"wp","href":"https:\/\/api.w.org\/{rel}","templated":true}]}}